20*s**2 + 18*s + 92. Is m(21) a composite number?
False
Suppose -8*z + z - 231 = 0. Let k = 46 + z. Is k composite?
False
Let s(l) = -2*l. Let u = 2 - 3. Let d be s(u). Suppose -d*i + 267 + 223 = 4*z, 2*i - 518 = 3*z. Is i composite?
True
Suppose 3*v + 3*y - 195 = 0, 0 = -y - 4*y + 15. Suppose 3*p = 337 + v. Let m = p + 126. Is m a composite number?
True
Let s(y) = -209*y - 72. Is s(-2) a composite number?
True
Let x(y) = -172*y + 1. Let m be 6/10 + (-126)/35. Is x(m) a composite number?
True
Suppose -3*k - 6997 = -6*k - 2*m, -k = 2*m - 2331. Let l = 5204 - k. Is l/36 + 6/(-8) a prime number?
True
Suppose -2*k + 880 = -0*k. Let g = 2356 - k. Suppose 5*n - g = n. Is n a prime number?
True
Suppose 6384 = 8*n - 4*n. Let q = -2166 + 1055. Let p = q + n. Is p a prime number?
False
Let a = 4572 - 1463. Is a a composite number?
False
Let r be (108/24)/((-3)/8). Is (r/(-18))/(6/10629) composite?
False
Suppose 26266 + 20825 = 11*y. Is y composite?
True
Let x(b) = -64*b - 17. Let h be x(-13). Suppose 0 = 5*f + 3*j - 1065, -4*f + 4*j = -j - h. Suppose a = f + 203. Is a a composite number?
True
Let t be 6 + 961 + (-2)/(2/1). Suppose 4*q - t = -4*w + 1854, w - 2*q - 693 = 0. Is w a prime number?
True
Suppose 0 = -4*o + 3*o + 7. Suppose -o*v + 2*v = -115. Is v a prime number?
True
Suppose 0 = 2*w - 8. Suppose 2*i - 2*d = 14, 0 = -5*i - w*d - 1. Suppose -i*n - 4*b = -9*b - 2215, 2*n - 1486 = b. Is n a composite number?
True
Let y(d) = -20*d**3 - 11*d**2 + 2*d + 79. Is y(-8) a composite number?
True
Let i(p) = 96*p**2 + 7*p - 2. Let c be i(5). Suppose -4*y - 2*d = 679 - c, -2*d - 2179 = -5*y. Is y a composite number?
True
Suppose -n = 3*c - 2075, 5*c - 3*n + 2770 = 9*c. Is c composite?
False
Let b(n) = 415*n - 11. Let g be b(5). Let l = -470 + g. Is l a composite number?
True
Let k(j) = 407*j**2 + 13*j + 37. Is k(-7) a prime number?
True
Let m be 815/(3/(6 + -3)). Suppose -2*h = 3*h + m. Let q = -104 - h. Is q prime?
True
Let a be 1 - -3 - (4 + -2). Suppose 13 = 5*j + 3*n, -5*j + 9 = a*n - 3*n. Suppose -4*x + 523 = -j*x - 5*t, -5*x - 3*t = -1292. Is x prime?
False
Let n = -2241 + 3830. Is n composite?
True
Suppose 0 = -5*p - 2*r + 33165, -3*p + 17*r - 13*r = -19925. Is p prime?
False
Suppose v - 2 = -a - 0, 2*a + 4*v = 0. Suppose y + y = -a. Let j(p) = -50*p**3 + 2*p**2 + 2*p + 3. Is j(y) a composite number?
True
Let q be 5*(8292/15)/4. Let y = -492 + q. Let a = y - 14. Is a a prime number?
False
Suppose -2*f = f - 9. Suppose f*z - 11 = 1. Suppose 3*d - 5*g = 134, 0*d - 222 = -z*d - 2*g. Is d composite?
False
Suppose -4*c = -2*o - 3 + 13, 0 = 2*c + 5*o - 1. Is -3 - 100*2*c prime?
True
Is (-350880)/(-476) + (-1)/7 a composite number?
True
Suppose 5*a - 2*a - 9 = 0, 3*q - 4*a = 645. Let k be 3 + -3 - (-707)/(-7). Let j = k + q. Is j prime?
False
Suppose n - 1529 = 3*d, -3*d - 9733 = -4*n - 3653. Let u = -904 + n. Is u a composite number?
False
Let r(z) = 3*z**2 + 9*z - 3. Let d be r(-4). Is ((-3)/d)/((-1)/4227) a composite number?
False
Let i = -11158 + 17919. Is i a composite number?
False
Let n = 20 + -16. Suppose 0 = -2*b - 10, -3*w + n*b + 454 = -b. Is w a composite number?
True
Let c(a) = -a**2 + a - 1. Let w(h) = -h**2 - 11*h - 1203. Let f(u) = -10*u - 1204. Let n(p) = 6*f(p) - 5*w(p). Let g(l) = -4*c(l) - n(l). Is g(0) prime?
True
Suppose 0 = -2*d, 5*i + d = -6219 + 53664. Is i composite?
True
Suppose 5*k + 11 = -3*d, -k + 0*k - 19 = -5*d. Suppose -2*t + 699 = 4*g - 587, -t - 952 = -d*g. Is g prime?
False
Suppose -5*m = -3*d + 48292, -d - 3*m - 3706 + 19808 = 0. Is d prime?
False
Let z(a) be the third derivative of 19/6*a**4 + 0 + 0*a + 13/6*a**3 - 7*a**2. Is z(7) a prime number?
False
Let q(m) = 251*m + 4. Let o be q(-2). Let b = o + 1057. Is b composite?
True
Suppose 2*f - 3*j = 30946, -36 = -j - 32. Is f a composite number?
True
Let y be -1*(2 - (2 + 3)). Suppose 2*z + 2*w = 4, -y*z = w + 4*w - 6. Suppose 4*g + 2359 = t, 4*g = z*t - 3722 - 996. Is t prime?
False
Is (-1 + 144/(-4))*-71 composite?
True
Let z = 24 + -24. Let g = 211 + z. Is g composite?
False
Let k(j) = 2157*j**2 - j - 3. Is k(-1) a composite number?
True
Let n = 1479 + -2576. Let x = -469 - n. Suppose -2*w - x = -6*w. Is w prime?
True
Let c = -29 + 29. Is (-3 - (-186 + -4)) + c a composite number?
True
Suppose 0 = -0*m - 4*m + 13628. Is m composite?
False
Suppose 0 = 42*s - 52*s. Suppose -3*w - 3 = s, -2*w + 7 = 3*j - 0. Is j a prime number?
True
Suppose -795*z + 803*z = 65080. Is z prime?
False
Let s(k) = 89*k - 15. Let p = 51 - 43. Is s(p) prime?
False
Let q(g) = -g**3 - 8*g**2 - 7*g + 2. Let b be q(-6). Let d be (-7)/b - 17/4. Let f(z) = -10*z**3 - 5*z**2 + 3*z + 3. Is f(d) composite?
True
Let w = 1724 + 429. Is w prime?
True
Let o(u) = -18*u**2 + 10*u + 10. Let l(a) = -18*a**2 + 10*a + 11. Let z(v) = 3*l(v) - 4*o(v). Is z(-6) composite?
False
Let j(r) = 33825*r**2 + 28*r + 30. Is j(-1) a prime number?
True
Suppose -5*d + 3310 = -5*m, -d + 662 = -15*m + 20*m. Is d prime?
False
Suppose -2*l - 4*q = 0, -5*l = -4*q - 0*q - 70. Suppose -9*b + l*b = 6. Suppose y + b + 84 = p, -351 = -4*p - 5*y. Is p composite?
False
Suppose -32 = -s + 33. Let z be 6/(-4)*1568/(-24). Let l = z - s. Is l a prime number?
False
Suppose b - 33 = -4*x - 0*x, 4*x + 4*b - 36 = 0. Is 0 + 2/(-3*x/(-7356)) a prime number?
True
Let g(z) = -1 + 0 + 6 + 3 + 93*z. Is g(3) prime?
False
Suppose 0 = 116*f - 126*f + 614890. Is f composite?
True
Let g(x) be the third derivative of 5*x**4/24 + 3*x**3/2 + 12*x**2. Let l be g(-5). Let a(n) = -8*n + 3. Is a(l) a prime number?
True
Let m = 12 - 10. Let r be 2*-1*m/(-1). Suppose 1 = r*b - 11, -k + 16 = -5*b. Is k a prime number?
True
Let s(r) = -1063*r - 49. Is s(-6) a composite number?
False
Let n(g) = 1508*g + 93. Is n(2) prime?
True
Let l(q) = 5121*q + 3. Let k be l(2). Suppose -4108 = -2*n - 3*w, -6*w = -5*n - w + k. Is n a prime number?
False
Suppose -10*i + 1 = -9*i. Is (-3350 - i)*-4*(-8)/(-96) prime?
True
Let u(h) = 2*h - 14. Suppose 16*a = 21*a - 45. Let t be u(a). Suppose 662 = t*i + 3*d - 359, -4*d = 5*i - 1277. Is i composite?
True
Let b = 1 - -2. Suppose -3*c = b*c - 942. Is c composite?
False
Suppose 0 = l - 3. Suppose 3*n + 3*s + 2*s = 3570, -2*n + 2399 = -l*s. Suppose 3*d + y - 716 = 0, -4*d = 2*y + 237 - n. Is d a prime number?
False
Suppose 1892*x + 76979 = 1899*x. Is x prime?
False
Let t = 895 - 684. Is t composite?
False
Let k be (-2)/(-1*4)*0. Let p(r) = -15*r**3 + r**2 - 8*r - 3. Let n be p(-3). Suppose 3*s + 2*s - n = k. Is s prime?
False
Let w(r) = -18*r. Let d be w(-1). Suppose 0 = 12*s - d*s + 5334. Is s prime?
False
Suppose -2*s + 4*u + 16 = 0, 4*s + 5*u + 5 = -2. Let q be (-3 + s)*1*-3. Suppose -n = -q*n + 134. Is n composite?
False
Suppose -28*g + 25*g = -12. Suppose -1541 = -3*f - 5*k + k, 2*f + g*k = 1026. Is f a composite number?
True
Let s(i) = -44*i. Let x be s(-4). Suppose -x = -p + 297. Is p a composite number?
True
Let l = 7786 - -49671. Is l prime?
True
Suppose 3*r + 2*t - 16 = 19, 10 = -2*t. Let p(d) = 3*d**2 - d - 29. Is p(r) a composite number?
False
Let b(q) = q**2 + 2*q + 22. Let l be b(0). Is 37998/l + (24/(-33))/4 composite?
True
Is 4*3/(60/564155) a composite number?
False
Is (28 + -6)*3356/8 a composite number?
True
Let l = 1565 + 4416. Is l prime?
True
Suppose -b + 3*b - 636 = 0. Let p = 371 + b. Let j = 54 + p. Is j composite?
False
Let f(v) = 14 - 26 + 172*v + 43. Is f(4) prime?
True
Let k(h) = h**3 + 10*h**2 - 11*h + 8. Let w be k(-11). Let u = -15 + w. Let j = u - -22. Is j a prime number?
False
Let i(q) = -q**2 + 8*q - 6. Suppose 0 = 3*b - 4*v - 20, v + 5 = -4*b - 0. Let t be 3 + 1 - (-1 + b). Is i(t) a composite number?
True
Let i(x) = -5*x**3 + 6*x**2 - 5*x + 417. Let c(o) = -o**3 + o**2 - o + 83. Let h(w) = 11*c(w) - 2*i(w). Suppose -3*y = -2*y. Is h(y) composite?
False
Suppose 4*x + 2 - 58 = 0. Let j = 19 - x. Is 255 + j/(10/(-8)) prime?
True
Suppose 2*z - 8632 = -c - 710, 4*c = 3*z - 11883. Is z composite?
True
Let j(o) = 56*o**2 + 2*o - 1. Let i be (-7)/(-9) - (-8)/36. Let z be j(i). Suppose 171 = 3*l + 2*w, z = 4*l - 3*l - 3*w. Is l a composite number?
True
Let t(d) = -d**3 - 2*d**2 + 2*d + 2. Let y be t(0). Suppose 0 = -a + y*a + 2, 3*c - 5733 = 3*a. Is c composite?
True
Is -4*(9 - (-117094)/(-8)) a composite number